and 8.
8
Let g(i) = i**2 + i - 1. Let v be g(2). Suppose 5 = 4*p + 25, 4*p = v*w - 75. Let l be (0 - 1 - -1) + w. Calculate the greatest common divisor of 99 and l.
11
Let i(p) = 36*p - 1. Let n be i(1). Calculate the greatest common factor of n and 7.
7
Let a(v) = -9*v**2 + 8*v + 6 + 2*v**3 + 8 - v**3. Let w be a(8). Calculate the greatest common divisor of w and 28.
14
Let m(k) = k**3 - 6*k + 4. Let f be m(5). Let b(q) = -q - 5. Let u be b(-3). Let v be ((-11)/(-4))/(u/(-8)). What is the highest common factor of f and v?
11
Let m(j) = -j**3 - 3*j**2 + 19*j + 28. Let x be m(-8). What is the greatest common divisor of 28 and x?
28
Let d(s) = 2*s - 7 + s + 10*s. Let a(y) = -y + 4. Let b be a(-3). Let m be d(b). What is the greatest common divisor of 12 and m?
12
Let r be 57/(-9) - (-6)/(-9). Let f be 46/14 + 2/r. Suppose 0 = -3*w - 13 + 76. Calculate the greatest common divisor of w and f.
3
Let w(p) = -p**3 - 6*p**2 - p - 2. Let y be w(-6). Suppose 2*d + 3*d = 100. Let q = 12 + d. What is the greatest common factor of y and q?
4
Let q(f) = -57*f - 7. Let l be q(6). Let z = 511 + l. What is the highest common divisor of z and 18?
18
Let d = 11 - -49. Suppose -5*q + 4*r + 2 = -32, -4*r = -q - 6. What is the greatest common divisor of d and q?
10
Let m be 6 - 6*(-4)/6. Let d = -73 - -113. What is the greatest common factor of d and m?
10
Let s(n) = 15*n + 6. Let d be s(6). Let c = 38 + -26. What is the greatest common factor of c and d?
12
Suppose 443*t - 440*t - 135 = 0. Let n(z) = z + 30. Let b be n(0). Calculate the highest common divisor of b and t.
15
Let z = 20 - 4. Let o = 3 + z. Calculate the highest common divisor of 95 and o.
19
Let t = 18 + -11. Let l(g) = 63*g**2 + 29*g + 29. Let x be l(-1). Calculate the greatest common factor of x and t.
7
Let w be -6*((-30)/9 + -4). Let h(a) be the first derivative of -3*a**2/2 + a - 1. Let m be h(-1). What is the highest common factor of m and w?
4
Suppose 0 = 2*b - 17 - 3. Let u(t) = -80*t. Let m be u(-1). What is the highest common factor of m and b?
10
Let f(p) = -p**2 + 6*p + 21. Let m be f(7). Calculate the highest common divisor of 182 and m.
14
Let w(a) = 10*a**2 - 8*a - 2. Let d be w(-3). Calculate the greatest common divisor of 14 and d.
14
Let i(x) = 27*x - 37*x - 41*x + 4. Let p be i(-4). Calculate the greatest common divisor of 26 and p.
26
Let s(o) = o - 4. Let i be s(18). Calculate the highest common divisor of i and 112.
14
Suppose 3*q + 2 = 4*q. Let z be q + -2*-2*1. Let d = -26 - -41. Calculate the highest common factor of d and z.
3
Let n = 28 + -13. Calculate the greatest common divisor of n and 3.
3
Suppose 0 = f - 43 - 7. Let k(q) = -7*q - 4. Let t be k(-2). What is the greatest common factor of f and t?
10
Let b(z) = -2*z - 10. Let g be (-4)/6 + 28/(-12). Let k be (-18)/(-6)*7/g. Let h be b(k). Calculate the highest common factor of h and 16.
4
Let p(u) = 71*u**2 - 1. Let s be p(-1). Calculate the greatest common factor of 10 and s.
10
Suppose 2*y - 16 = -y + 5*p, 0 = 2*y - 5*p - 4. Suppose 396 = 3*t - 0*t. Calculate the greatest common divisor of y and t.
12
Suppose 2*m = 2*i + 12, 2*i = -3*m + 2*m + 12. Suppose -5*u = -60 - 140. Calculate the greatest common factor of m and u.
8
Let i be 0*(-1)/(-5) + 1 + 6. Calculate the greatest common divisor of 7 and i.
7
Let g(k) = -k**3 + 9*k**2 - 4*k + 4. Let n be g(8). Let t = 28 + n. Calculate the greatest common factor of t and 8.
8
Suppose -38 = -d - 4*c + c, 0 = 3*d - 3*c - 162. What is the greatest common divisor of d and 25?
25
Suppose 0 = -4*l + l. Let g = l - 2. Let x be (99/g)/(4/(-8)). Calculate the highest common factor of x and 11.
11
Let n(g) = -g**3 + 5*g**2 + 20. Let y be n(0). Let m = 0 + 3. Let h = m - -7. What is the greatest common divisor of h and y?
10
Let w(q) = -q**3 - 3*q**2 + q + 7. Let v be w(-3). Calculate the highest common factor of v and 32.
4
Let d(o) = -5*o - 1. Let k be d(-3). Let z = -1 + 6. Let s be 3*2/3 + z. Calculate the greatest common divisor of s and k.
7
Suppose 4*u = 46 + 50. Calculate the highest common divisor of u and 3.
3
Let k be 1/(-1) - (-89)/1. Suppose 5*y + 25 = 2*a - 0*y, -3*y = -5*a + 15. Let v(o) = -o + 8. Let i be v(a). Calculate the highest common factor of k and i.
8
Suppose i = -4*v + 160, -2*v + 65 + 15 = 5*i. Let n = -68 + 128. What is the greatest common factor of v and n?
20
Let a(t) = t**2 + 2*t - 1. Let p be a(-3). Suppose -p*g = -22 - 22. What is the highest common divisor of 55 and g?
11
Suppose 5*y - 2 = -22. Let m be (-1)/(4/6)*y. Suppose -6*r + 5*r + 18 = 0. Calculate the highest common divisor of m and r.
6
Let o(l) = 29*l + l**2 + 7*l**2 + 7 - 26*l. Let c be o(-3). What is the greatest common divisor of 10 and c?
10
Let a be ((-20)/6)/((-10)/495). Suppose x - 15 = 3*c, c - 75 = -5*x + 3*c. What is the greatest common divisor of a and x?
15
Suppose -4*g - 270 = g. Let q be g*-14*1/4. Calculate the highest common factor of q and 27.
27
Let u(r) = -r**3 - 11*r**2 - r - 11. Let n be u(-11). Suppose 7*g - 4*g - 12 = n. Let q be (-2)/(-4) - (-14)/4. What is the greatest common divisor of q and g?
4
Let u be (2/(-4))/((-5)/950). Calculate the greatest common divisor of 19 and u.
19
Let x = 212 - 74. Suppose 3*g = n - 26 - 42, 2*n - 5*g - x = 0. Let y = 2 + n. Calculate the highest common divisor of y and 19.
19
Suppose -44 = -4*v + 4*h - 7*h, -v = -2*h. Let l = 3 - 1. Suppose 0 = -l*z + 3*f + 11, -z - 5*f + 7 = 2*z. What is the highest common divisor of z and v?
4
Let v be 0 + -1 - 10/(-2). Suppose 1 = -b - 4, -v*h + 4*b + 68 = 0. Calculate the highest common divisor of h and 30.
6
Suppose -216 = -16*k + 104. Calculate the greatest common divisor of 40 and k.
20
Let h = -4 - -6. Suppose 224 = h*i + 2*s, 57 + 55 = i - 5*s. What is the highest common divisor of 16 and i?
16
Let m = -2 - -12. Suppose -y = -3*z + 72, -z + 3 = -4*y - m. Calculate the greatest common factor of z and 5.
5
Let l(u) = 2*u**2 - 18*u - 19. Let y(a) = -3*a**2 + 36*a + 37. Let z(w) = -5*l(w) - 3*y(w). Let t be z(-17). What is the highest common divisor of 11 and t?
1
Suppose 2*p - 60 = -3*p. What is the highest common divisor of 3 and p?
3
Let n be 275 - (-1 - 1/1). Suppose 3*a - n = -46. Let h be 104/14 - (-9)/(-21). What is the highest common factor of a and h?
7
Let k(d) = -2*d - 2. Let c(w) = -10*w - 11. Let h(f) = 2*c(f) - 11*k(f). Let j be h(3). What is the highest common factor of j and 4?
2
Suppose 5*o = -5*b + 95, 0 = -3*o - 0*o - 15. Calculate the greatest common factor of b and 96.
24
Suppose -v = 3*t - 17, 2*t = -5*v + t + 57. Calculate the highest common factor of 11 and v.
11
Suppose -5*d + 4*m = -80, -2*d + 37 = 3*m - 18. Let u be 3 - 10/5 - -29. What is the greatest common factor of u and d?
10
Let m(q) = 2*q**2 - 9*q + 6. Let a be m(5). Let f(x) = -x**3 + 10*x**2 - 5*x + 7. Let d be f(6). What is the highest common divisor of d and a?
11
Let k be (58 - -4) + (5 - 1). Calculate the highest common divisor of k and 6.
6
Let j(d) = 2 + 0*d**2 - 1 + 1 + 8*d**2. Let n be j(-2). What is the highest common divisor of n and 51?
17
Suppose -m = -0*m, -2*m - 2 = -2*i. Let k be (-175)/(-2) + i/2. Suppose p - k = -0*p. What is the greatest common divisor of p and 8?
8
Let u be 0 + 0 - (-137 + 1). Let x = -20 + 37. What is the greatest common divisor of u and x?
17
Let o be (2 - -14)*(-2 - 2). Let i be (6 + -1)*o/(-10). What is the greatest common factor of 8 and i?
8
Let k(v) = -v**2 - 5*v + 1. Let a be k(-3). Let c = -8 - -16. Suppose 3*w - c - 16 = g, -g = -4*w + 31. Calculate the highest common divisor of w and a.
7
Let s be 4/10 - (-24)/15. Suppose -s + 6 = -z. Let b be 4*(-2)/z - -1. Calculate the greatest common divisor of b and 33.
3
Suppose 0 = 4*y - 17 - 3. Suppose -2*r - r = 3*c - 3, 5*r - 2*c + 9 = 0. Let q be -10*-6*r/(-4). What is the highest common divisor of y and q?
5
Suppose -5*q - 5 = -125. What is the greatest common factor of 36 and q?
12
Let b = 0 - -11. Suppose 3 = -4*q + 7. Calculate the highest common divisor of b and q.
1
Let j(b) = -5*b + 48. Let m be j(8). Let n be 0/2 + 4*3. What is the greatest common divisor of m and n?
4
Suppose -h = -0*h. Suppose -2*z - 3*z + 200 = h. Let d be 18 + 0 - (3 + -1). What is the greatest common divisor of z and d?
8
Suppose o - 7